10*r - 7*r = 1620. Suppose 0 = 6*p - p - r. Calculate the greatest common divisor of p and 3.
3
Let d = -5622 + 5654. What is the greatest common divisor of 824 and d?
8
Let h = 204 - 127. Let k = -52 + h. Suppose -25*p + 22*p = -30. What is the highest common divisor of p and k?
5
Let m(l) = l**3 - 4*l**2 - 2*l - 1. Let n be m(5). Let a = -19 - -55. Suppose a + 104 = 2*x. Calculate the highest common factor of x and n.
14
Let p be (18/36)/(1/(100/2)). Suppose -d - 5 = 0, -k + p = 3*d - 2*d. What is the greatest common factor of 5 and k?
5
Let i be (1111*2/(-66))/(2 + 98/(-48)). Calculate the highest common factor of i and 16.
8
Let j(n) = -270*n - 1444. Let z be j(-6). What is the greatest common divisor of 12 and z?
4
Let s be -2 - ((-60280)/60 - -5)/(2/84). What is the highest common factor of 8 and s?
8
Suppose -4*j - 2*w = -198, 2*w - 7*w = 25. Suppose 0 = 208*k - 405*k + 204*k - 91. What is the greatest common divisor of k and j?
13
Let m = -224 + 230. Suppose m*f = 273 - 33. What is the greatest common divisor of 280 and f?
40
Let l be (-18702)/(-14) - ((-825)/175)/33. Calculate the greatest common factor of l and 24.
8
Let b = 741 - 435. Let m = b - 279. What is the highest common divisor of m and 27?
27
Suppose 0 = -0*d + 4*d, 0 = 3*y + 3*d - 141. Let w(b) = b**2 + 1156*b - 22768. Let h be w(20). What is the highest common factor of y and h?
47
Suppose -z = 5*m - 32, 0 = z + 12*m - 3*m - 36. What is the greatest common factor of 1809 and z?
27
Let w(k) = -k**3 + 118*k**2 - 123*k + 1008. Let b be w(117). Calculate the highest common factor of 1581 and b.
51
Suppose -3*i - 23 = -g - 8, -6 = 2*g + 3*i. Suppose 37 = 2*w - g. Calculate the highest common divisor of w and 40.
20
Let t(l) = 4*l - 66. Suppose 2*f + 428 = -5*k + 9*k, -206 = -2*k - f. Let j = -87 + k. Let n be t(j). What is the greatest common factor of n and 3?
3
Suppose 35*t - 110 = 13*t. Let d be 1 - 9/((-1 - -2)*-1). Calculate the greatest common divisor of d and t.
5
Let x(z) = -2*z**3 - 24*z**2 + 23*z - 30. Suppose -c + 5*v = -12, 3*c = -4*v - 11 - 48. Let d be x(c). Calculate the greatest common divisor of 144 and d.
9
Let s(b) = -b**2 + 13*b - 12. Let v be s(12). Let c(y) = -13*y + 20. Let n be c(v). Calculate the greatest common divisor of 8 and n.
4
Let x be -4 + -1 - (-21)/3. Suppose 4*c = -0*c - p + 67, x*c - 41 = p. Calculate the greatest common factor of c and 9.
9
Suppose 4*n = 4*o - 24, 10*n + 5*o = 8*n - 5. Let a be ((-119)/(-35) - 7)*n. Suppose -162 = -0*q - q. Calculate the highest common factor of a and q.
18
Suppose -2*z + 14 = 5*z. Suppose z*o - 8 = 24. Calculate the highest common factor of o and 176.
16
Let g be 314500/(-2250) + (-2)/9 + 0. Let i = g + 203. Let x be 1/(-2*(-2)/36). What is the highest common divisor of x and i?
9
Let f(o) = 78*o**2. Let p be f(2). Suppose -69*t + 2688 = -41*t + 84*t. Calculate the greatest common factor of t and p.
24
Let y be -2 + 422 + 5*-1*1. Let z = -79 + y. Calculate the greatest common divisor of z and 21.
21
Suppose -3*m + 32 = 4*g, 2*m - 8 = -5*g + 9*g. Suppose 4*q - 12 = m*q, q = -a + 411. Calculate the greatest common factor of 18 and a.
18
Let c be (12 - 11)*(0 - 0). Suppose o + 0*o - 26 = c. Suppose 867 - 35 = 4*b. What is the highest common factor of b and o?
26
Let i be 11/5 - 2/10. Let p be i*3/(-3) - -134. Let u = -54003 + 54091. What is the greatest common divisor of u and p?
44
Let p(q) = 9*q + 1. Let j be p(3). Let m be (-3)/((-27)/(-36)) - -401. Let u = m - 369. Calculate the greatest common divisor of u and j.
28
Let v be ((-108)/(-2))/((-106)/22 - -5). Calculate the greatest common factor of v and 1323.
27
Let a(d) = 14*d + 8. Let y be a(12). Suppose -4*o + 10 = -2*o. Suppose 5*k - o*l - 30 = 55, l + 83 = 4*k. Calculate the greatest common divisor of y and k.
22
Let g(l) = 9*l**2 - 11*l + 89. Let t be g(5). What is the highest common divisor of 21 and t?
7
Suppose 0 = -h - 3*h + 32. Let w(l) = -3570*l + 39306. Let y be w(11). What is the greatest common divisor of y and h?
4
Suppose -4*h - 10 = -z + 10, -z - 5*h - 7 = 0. Suppose 4*a + 4*n = -0*a + 32, 0 = 3*n - 9. What is the highest common divisor of z and a?
1
Suppose -8646 = -3*k - 31*c, -5*k + 2*c + 12233 + 1855 = 0. What is the highest common divisor of 240 and k?
60
Suppose 138*p - 6708 = 52*p. What is the greatest common factor of p and 3354?
78
Let a = -60 + 61. Let l be (a/6)/1 + (-119)/102. Let h be ((l - 3) + (-15)/(-5))*-35. What is the highest common divisor of 14 and h?
7
Let c be ((-10)/(-5))/(2 + 6/(-2)). Let i be c/((-1 - 1164/(-290)) + -3). Let z = i + 271. What is the highest common divisor of z and 14?
14
Suppose -252*v + 48762 = -246*v. Calculate the greatest common divisor of v and 645.
129
Let j = -398063 - -398077. Let i(b) = 189*b**3 + b**2 - b. Let w be i(1). Calculate the greatest common divisor of j and w.
7
Let o be 64/96*(-132)/40 + 351/5. Let u be -7*(-1 - 5/7). Calculate the greatest common factor of u and o.
4
Suppose -4*o = -3*o - 120. Let j be ((o/(-9))/(-4))/(5/15). Suppose 0 = 14*n - 9*n - j. Calculate the highest common factor of 2 and n.
2
Let l = -54 + 54. Suppose l = 5*h + 5*w - 20, -2*w = 4*h + 3*w - 19. Suppose q + h - 2 = f, 5*q = 4*f + 7. Calculate the highest common factor of f and 16.
2
Let i be (1863/345)/(6/160). Calculate the highest common factor of i and 1896.
24
Let f(i) = -199*i - 1781. Let o be f(-9). Calculate the highest common divisor of o and 1020.
10
Let y = 118 - 118. Let a be 109*(y - -4 - 12/6). Suppose 2*d - 3*p - a + 53 = 0, 5*d + 4*p - 378 = 0. Calculate the greatest common divisor of 6 and d.
6
Let c(t) = -4*t + 49. Let j be 48/(5 + -2)*5/10. Let g be c(j). Suppose -5*w - 5 = 0, 2*b + w = -0*w + g. What is the highest common factor of b and 3?
3
Suppose -53*y + 158096 + 129599 + 10483 = 0. What is the greatest common divisor of y and 194?
194
Let k be -2*(-3 + (3 - -2)) - -7. Let d be 48/72 - (-1168)/k. Calculate the greatest common divisor of d and 30.
30
Suppose 17 = 9*x - 37. Let a(n) = 68*n - 51. Let k be a(6). Suppose 0 = x*c - 111 - k. What is the greatest common divisor of c and 117?
39
Let r(a) = a**2 + 4*a + 6. Let f be r(8). Suppose -v - 467 = -5*m + v, 0 = 4*m + 2*v - 370. Let h = 99 - m. Calculate the highest common divisor of h and f.
6
Suppose -876 = -p - 3*i, 0 = 5*p - 2*i - 4330 - 67. Suppose 884*m - 2365 = p*m. Calculate the highest common divisor of 43 and m.
43
Let u(c) = -3*c**2 + 84*c + 66. Let l be u(27). What is the highest common factor of l and 1470?
147
Let q be (23 - 15 - 8) + (5146 - 1). Calculate the highest common divisor of q and 45.
15
Suppose 0 = -j + 3*j - 36. Let y(g) = 30*g**3 + 96*g**2 - 94*g - 2. Let w be y(1). What is the highest common divisor of w and j?
6
Let n be (13 + 1)*(280/(-16))/(-5). Let a = 109 - n. Calculate the greatest common factor of a and 30.
30
Let q = 1 - -1. Let n be (-24)/14*(-7)/q. Let w = n + -5. What is the highest common factor of w and 10?
1
Let f(d) = -d**3 - 2*d**2 + 5*d - 7. Let b be f(-6). Let k = b - 92. Suppose v - 3 = k. Calculate the highest common factor of v and 162.
18
Let g be (-105)/(-49)*(307 + -6). What is the highest common divisor of 120 and g?
15
Let n be (4840/240)/(3/126). Calculate the highest common factor of n and 44.
11
Let y(d) = d**3 + 3*d**2 + 13*d + 16. Let b be y(-6). Let z = -99 - b. What is the highest common factor of 639 and z?
71
Suppose 8*l + 1428 = 324. Let j = l - -195. Let y = j - 40. What is the highest common divisor of 187 and y?
17
Let w be ((-2)/44 - 520550/1276)*(-4)/6. Calculate the greatest common factor of 782 and w.
34
Let s(i) = 2*i + 73. Let j be s(-30). Let t be 2/(-10) + j/(390/8586). What is the highest common factor of t and 26?
26
Let z be 3360/15 + (-7)/(-7). What is the greatest common factor of z and 1962?
9
Let t(d) = d**3 + 7*d - 11. Let s be t(-5). Let n be ((-2)/(-6))/((-1)/s). What is the greatest common factor of n and 95?
19
Let f be (-1 + -1)/((-1)/8). Let s = f - 8. Suppose -k = 2*y + s - 26, 2*y - 2*k - 30 = 0. Calculate the greatest common factor of 99 and y.
11
Let s = 175 + -170. Suppose -3*g = -s*n - 86, n + 0*n = 5. What is the greatest common factor of 37 and g?
37
Let o(b) = 47*b**2 + 119*b - 2. Let n be o(-8). What is the highest common fac